it of 68270?
8
What is the thousands digit of 5206?
5
What is the units digit of 640?
0
What is the units digit of 6356?
6
What is the units digit of 7666?
6
What is the units digit of 2473?
3
What is the thousands digit of 15465?
5
What is the ten thousands digit of 96238?
9
What is the thousands digit of 20167?
0
What is the hundreds digit of 13003?
0
What is the ten thousands digit of 40247?
4
What is the tens digit of 9245?
4
What is the tens digit of 25055?
5
What is the units digit of 77?
7
What is the thousands digit of 2444?
2
What is the ten thousands digit of 84650?
8
What is the hundreds digit of 4109?
1
What is the hundreds digit of 1800?
8
What is the thousands digit of 2618?
2
What is the hundreds digit of 1163?
1
What is the units digit of 784?
4
What is the hundreds digit of 10067?
0
What is the hundreds digit of 12692?
6
What is the hundreds digit of 121?
1
What is the units digit of 3553?
3
What is the hundreds digit of 20288?
2
What is the hundreds digit of 2210?
2
What is the tens digit of 3385?
8
What is the hundreds digit of 3748?
7
What is the ten thousands digit of 21177?
2
What is the thousands digit of 5474?
5
What is the tens digit of 24955?
5
What is the units digit of 857?
7
What is the tens digit of 75546?
4
What is the thousands digit of 2998?
2
What is the hundreds digit of 3134?
1
What is the hundreds digit of 9589?
5
What is the hundreds digit of 42515?
5
What is the tens digit of 21?
2
What is the units digit of 835?
5
What is the hundreds digit of 463?
4
What is the hundreds digit of 398?
3
What is the ten thousands digit of 41326?
4
What is the units digit of 2905?
5
What is the thousands digit of 6906?
6
What is the tens digit of 25319?
1
What is the tens digit of 18633?
3
What is the hundreds digit of 1432?
4
What is the hundreds digit of 1731?
7
What is the tens digit of 8075?
7
What is the hundreds digit of 3244?
2
What is the units digit of 8404?
4
What is the thousands digit of 7067?
7
What is the hundreds digit of 26683?
6
What is the thousands digit of 2354?
2
What is the ten thousands digit of 12000?
1
What is the units digit of 1950?
0
What is the units digit of 35820?
0
What is the units digit of 1372?
2
What is the thousands digit of 2989?
2
What is the hundreds digit of 7120?
1
What is the units digit of 132578?
8
What is the tens digit of 63493?
9
What is the hundreds digit of 7364?
3
What is the tens digit of 2417?
1
What is the thousands digit of 42836?
2
What is the thousands digit of 16971?
6
What is the thousands digit of 7773?
7
What is the units digit of 4306?
6
What is the tens digit of 5077?
7
What is the tens digit of 467?
6
What is the units digit of 27318?
8
What is the units digit of 840?
0
What is the tens digit of 1186?
8
What is the units digit of 1550?
0
What is the thousands digit of 11067?
1
What is the units digit of 57187?
7
What is the units digit of 2480?
0
What is the thousands digit of 6638?
6
What is the thousands digit of 5990?
5
What is the hundreds digit of 144210?
2
What is the tens digit of 7750?
5
What is the units digit of 343?
3
What is the ten thousands digit of 133061?
3
What is the thousands digit of 90815?
0
What is the thousands digit of 79458?
9
What is the units digit of 2276?
6
What is the units digit of 337?
7
What is the units digit of 7113?
3
What is the thousands digit of 1313?
1
What is the tens digit of 4995?
9
What is the hundreds digit of 2575?
5
What is the units digit of 2138?
8
What is the hundreds digit of 2790?
7
What is the thousands digit of 1110?
1
What is the thousands digit of 151293?
1
What is the hundred thousands digit of 180062?
1
What is the thousands digit of 13378?
3
What is the tens digit of 2379?
7
What is the hundred thousands digit of 176496?
1
What is the tens digit of 5356?
5
What is the tens digit of 410?
1
What is the hundreds digit of 650?
6
What is the hundreds digit of 358?
3
What is the tens digit of 84889?
8
What is the tens digit of 1177?
7
What is the units digit of 1443?
3
What is the units digit of 12505?
5
What is the hundred thousands digit of 178103?
1
What is the units digit of 17820?
0
What is the hundreds digit of 1315?
3
What is the tens digit of 62231?
3
What is the hundreds digit of 168647?
6
What is the hundreds digit of 6152?
1
What is the thousands digit of 9049?
9
What is the hundreds digit of 2495?
4
What is the tens digit of 31998?
9
What is the thousands digit of 2530?
2
What is the tens digit of 69143?
4
What is the tens digit of 291?
9
What is the thousands digit of 69832?
9
What is the tens digit of 4290?
9
What is the tens digit of 61?
6
What is the tens digit of 530?
3
What is the units digit of 418?
8
What is the thousands digit of 3829?
3
What is the hundreds digit of 13058?
0
What is the units digit of 29231?
1
What is the thousands digit of 1504?
1
What is the thousands digit of 9388?
9
What is the units digit of 492?
2
What is the tens digit of 4232?
3
What is the hundreds digit of 900?
9
What is the tens digit of 37775?
7
What is the thousands digit of 42938?
2
What is the thousands digit of 36054?
6
What is the thousands digit of 76780?
6
What is the ten thousands digit of 10776?
1
What is the thousands digit of 101810?
1
What is the tens digit of 51?
5
What is the tens digit of 8181?
8
What is the thousands digit of 3892?
3
What is the hundreds digit of 4506?
5
What is the hundreds digit of 273?
2
What is the units digit of 22479?
9
What is the thousands digit of 5410?
5
What is the hundreds digit of 758?
7
What is the units digit of 1054?
4
What is the ten thousands digit of 87960?
8
What is the hundreds digit of 70009?
0
What is the hundreds digit of 530?
5
What is the hundred thousands digit of 160981?
1
What is the tens digit of 5972?
7
What is the thousands digit of 42186?
2
What is the hundreds digit of 2338?
3
What is the tens digit of 6311?
1
What is the tens digit of 761?
6
What is the units digit of 50402?
2
What is the units digit of 283?
3
What is the tens digit of 58072?
7
What is the hundreds digit of 1303?
3
What is the tens digit of 858?
5
What is the thousands digit of 3558?
3
What is the ten thousands digit of 12941?
1
What is the hundreds digit of 952?
9
What is the units digit of 93158?
8
What is the hundreds digit of 7632?
6
What is the hundreds digit of 6189?
1
What is the hundreds digit of 1345?
3
What is the tens digit of 191?
9
What is the hundreds digit of 1521?
5
What is the hundreds digit of 2342?
3
What is the units digit of 330?
0
What is the ten thousands digit of 26760?
2
What is the ten thousands digit of 141964?
4
What is the thousands digit of 57204?
7
What is the hundreds digit of 26540?
5
What is the tens digit of 3592?
9
What is the tens digit of 903?
0
What is the tens digit of 15831?
3
What is the hundreds digit of 31402?
4
What is the thousands digit of 1023?
1
What is the tens digit of 339?
3
What is the tens digit of 94187?
8
What is the tens digit of 1787?
8
What is the units digit of 29969?
9
What is the tens digit of 4625?
2
What is the ten thousands digit of 15470?
1
What is the hundreds digit of 788?
7
What is the units digit of 4124?
4
What is the units digit of 100?
0
What is the ten thousands digit of 79030?
7
What is the hundreds digit of 1485?
4
What is the units digit of 697?
7
What is the tens digit of 16696?
9
What is the thousands digit of 14674?
4
What is the thousands digit of 1691?
1
What is the ten thousands digit of 15147?
1
What is the hundreds digit of 1304?
3
What is the thousands digit of 12618?
2
What is the tens digit of 243?
4
What is the hundreds digit of 77410?
4
What is the units digit of 31?
1
What is the units digit of 88690?
0
What is the hundred thousands digit of 114082?
1
What is the thousands digit of 98757?
8
What is the hundreds digit of 1478?
4
What is the thousands digit of 75685?
5
What is the tens digit of 1196?
9
What is the units digit of 720?
0
What is the units digit of 1393?
3
What is the hundreds digit of 38948?
9
What is the tens digit of 373?
7
What is the tens digit of 2482?
8
What is the tens digit of 159?
5
What is the hundreds digit of 3400?
4
What is the hundreds digit of 41346?
3
What is the hundreds digit of 2210?
2
What is the units digit of 1317?
7
What is the units digit of 12